{"id":10392,"date":"2024-04-08T12:33:44","date_gmt":"2024-04-08T10:33:44","guid":{"rendered":"https:\/\/vtest1.college-lapierre.fr\/?page_id=10392"},"modified":"2024-09-01T17:06:43","modified_gmt":"2024-09-01T15:06:43","slug":"taxe-dapprentissage","status":"publish","type":"page","link":"https:\/\/vtest1.college-lapierre.fr\/?page_id=10392","title":{"rendered":"Taxe d&rsquo;apprentissage"},"content":{"rendered":"\n<p class=\"has-text-align-center\">Le coll\u00e8ge Georges LAPIERRE est habilit\u00e9 \u00e0 percevoir le solde de la taxe d&rsquo;apprentissage.<\/p>\n\n\n\n<p class=\"has-text-align-center\">Il est d&rsquo;ailleurs le seul coll\u00e8ge class\u00e9 en REP+ (R\u00e9seau d&rsquo;Education Prioritaire +) de l&rsquo;acad\u00e9mie de Bordeaux \u00e0 pouvoir percevoir ce solde.<\/p>\n\n\n\n<div class=\"wp-block-group\"><div class=\"wp-block-group__inner-container is-layout-constrained wp-block-group-is-layout-constrained\">\n<div class=\"wp-block-group\"><div class=\"wp-block-group__inner-container is-layout-constrained wp-block-group-is-layout-constrained\">\n<h2 class=\"wp-block-heading has-text-align-center has-luminous-vivid-amber-background-color has-background has-large-font-size\">Les entreprises doivent faire la d\u00e9marchent de s\u00e9lectionner le coll\u00e8ge G. LAPIERRE                                         (<strong>UAI : 0331619F<\/strong>)                                   pour fl\u00e9cher tout ou partie de ce solde vers notre \u00e9tablissement.<\/h2>\n\n\n\n<p class=\"has-text-align-center has-luminous-vivid-amber-background-color has-background has-large-font-size\"><a href=\"https:\/\/www.soltea.education.gouv.fr\/espace-public\/\" target=\"_blank\" rel=\"noreferrer noopener\">SOLT\u00e9A, plateforme du solde de la taxe d&rsquo;apprentissage | SOLT\u00e9A, plateforme de r\u00e9partition du solde de la taxe d\u2019apprentissage (education.gouv.fr)<\/a><\/p>\n<\/div><\/div>\n<\/div><\/div>\n\n\n\n<figure class=\"wp-block-image size-full\"><img loading=\"lazy\" decoding=\"async\" width=\"700\" height=\"200\" src=\"https:\/\/vtest1.college-lapierre.fr\/wp-content\/uploads\/2024\/04\/soltea.jpg\" alt=\"\" class=\"wp-image-10395\" srcset=\"https:\/\/vtest1.college-lapierre.fr\/wp-content\/uploads\/2024\/04\/soltea.jpg 700w, https:\/\/vtest1.college-lapierre.fr\/wp-content\/uploads\/2024\/04\/soltea-300x86.jpg 300w\" sizes=\"auto, (max-width: 700px) 100vw, 700px\" \/><\/figure>\n\n\n\n<p>D\u00e9sormais les entreprises qui souhaitent aider le coll\u00e8ge dans le d\u00e9veloppement des actions et projets li\u00e9s \u00e0 la formation professionnelle doivent passer par la nouvelle plateforme SOLT\u00e9A .(<a href=\"https:\/\/www.soltea.education.gouv.fr\/espace-public\/soltea-plateforme-employeurs-solde-taxe-apprentissage\">https:\/\/www.soltea.education.gouv.fr\/espace-public\/soltea-plateforme-employeurs-solde-taxe-apprentissage<\/a>).<\/p>\n\n\n\n<figure class=\"wp-block-embed is-type-video is-provider-youtube wp-block-embed-youtube wp-embed-aspect-16-9 wp-has-aspect-ratio\"><div class=\"wp-block-embed__wrapper\">\n<iframe loading=\"lazy\" title=\"Solde taxe d\u2019apprentissage : le nouveau service SOLT\u00e9A pour les employeurs\" width=\"650\" height=\"366\" src=\"https:\/\/www.youtube.com\/embed\/dM_q0J6r39U?start=11&#038;feature=oembed\" frameborder=\"0\" allow=\"accelerometer; autoplay; clipboard-write; encrypted-media; gyroscope; picture-in-picture; web-share\" referrerpolicy=\"strict-origin-when-cross-origin\" allowfullscreen><\/iframe>\n<\/div><\/figure>\n\n\n\n<p><\/p>\n\n\n\n<figure class=\"wp-block-image size-full\"><a href=\"https:\/\/www.soltea.education.gouv.fr\/espace-public\/calendrier-2024-de-la-plateforme-soltea\" target=\"_blank\" rel=\"noreferrer noopener\"><img loading=\"lazy\" decoding=\"async\" width=\"600\" height=\"340\" src=\"https:\/\/vtest1.college-lapierre.fr\/wp-content\/uploads\/2024\/04\/Calendrier-TA-2024.png\" alt=\"\" class=\"wp-image-10393\" srcset=\"https:\/\/vtest1.college-lapierre.fr\/wp-content\/uploads\/2024\/04\/Calendrier-TA-2024.png 600w, https:\/\/vtest1.college-lapierre.fr\/wp-content\/uploads\/2024\/04\/Calendrier-TA-2024-300x170.png 300w\" sizes=\"auto, (max-width: 600px) 100vw, 600px\" \/><\/a><\/figure>\n\n\n\n<h3 class=\"wp-block-heading has-vivid-red-color has-text-color has-link-color wp-elements-de2070abcf88c37caaa2187be01ad923\">Solde de la taxe d&rsquo;apprentissage : employeurs, comment d\u00e9signer les \u00e9tablissements auxquels celui-ci doit \u00eatre vers\u00e9 ?<\/h3>\n\n\n\n<p>Suite \u00e0 leur d\u00e9claration en DSN, les employeurs redevables du solde de la taxe d\u2019apprentissage peuvent se connecter \u00e0 la plateforme SOLT\u00e9A pour affecter tout ou partie du solde de leur taxe d\u2019apprentissage \u00e0 un ou plusieurs \u00e9tablissements habilit\u00e9s jusqu\u2019en septembre. La connexion s\u2019effectue par l\u2019interm\u00e9diaire de Net-entreprises.<\/p>\n\n\n\n<p>Le choix de r\u00e9partition des employeurs sur la plateforme peut se faire \u00e0 trois \u00e9chelles diff\u00e9rentes&nbsp;:<\/p>\n\n\n\n<ul class=\"wp-block-list\">\n<li><strong>vers un ou plusieurs \u00e9tablissements\u00a0<\/strong><\/li>\n<\/ul>\n\n\n\n<p>Pour acc\u00e9der \u00e0 la plateforme Solt\u00e9a&nbsp;:&nbsp;<a href=\"https:\/\/www.soltea.education.gouv.fr\/espace-public\/\" target=\"_blank\" rel=\"noreferrer noopener\">SOLT\u00e9A, plateforme du solde de la taxe d&rsquo;apprentissage | SOLT\u00e9A, plateforme de r\u00e9partition du solde de la taxe d\u2019apprentissage (education.gouv.fr)<\/a><\/p>\n\n\n\n<h3 class=\"wp-block-heading\">Taxe d&rsquo;apprentissage : comment la payer ?<\/h3>\n\n\n\n<p>Depuis<strong>&nbsp;janvier 2022<\/strong>, la collecte de la taxe d&rsquo;apprentissage et de la CSA n&rsquo;est plus g\u00e9r\u00e9e par les&nbsp;<strong><a href=\"https:\/\/travail-emploi.gouv.fr\/ministere\/acteurs\/partenaires\/opco\" target=\"_blank\" rel=\"noreferrer noopener\">Opco<\/a><\/strong>&nbsp;(op\u00e9rateurs de comp\u00e9tences), mais l&rsquo;<strong><a href=\"https:\/\/www.urssaf.fr\/portail\/home.html\" target=\"_blank\" rel=\"noreferrer noopener\">Urssaf<\/a><\/strong>.<\/p>\n\n\n\n<p><a href=\"https:\/\/www.urssaf.fr\/portail\/home\/espaces-dedies\/contributions-de-formation-profe\/le-calendrier.html\" target=\"_blank\" rel=\"noreferrer noopener\">En savoir plus sur les modalit\u00e9s de paiement de la taxe d&rsquo;apprentissage<\/a><\/p>\n","protected":false},"excerpt":{"rendered":"<p>Le coll\u00e8ge Georges LAPIERRE est habilit\u00e9 \u00e0 percevoir le solde de la taxe d&rsquo;apprentissage. Il est d&rsquo;ailleurs le seul coll\u00e8ge class\u00e9 en REP+ (R\u00e9seau d&rsquo;Education Prioritaire +) de l&rsquo;acad\u00e9mie de Bordeaux \u00e0 pouvoir percevoir ce solde. Les entreprises doivent faire la d\u00e9marchent de s\u00e9lectionner le coll\u00e8ge G. LAPIERRE (UAI : 0331619F) pour fl\u00e9cher tout ou&#8230;<\/p>\n<p class=\"more-link-wrap\"><a href=\"https:\/\/vtest1.college-lapierre.fr\/?page_id=10392\" class=\"more-link\">Read More<span class=\"screen-reader-text\"> &ldquo;Taxe d&rsquo;apprentissage&rdquo;<\/span> &raquo;<\/a><\/p>\n","protected":false},"author":2,"featured_media":10395,"parent":0,"menu_order":0,"comment_status":"closed","ping_status":"closed","template":"page-templates\/large.php","meta":{"footnotes":""},"categories":[52,12,24,19],"tags":[79,9,10,30,13,61,78,80,81],"class_list":["post-10392","page","type-page","status-publish","has-post-thumbnail","hentry","category-gestion","category-le_college","category-parents_d-eleves","category-segpa","tag-apprentissage","tag-college-lapierre","tag-eleves","tag-lormont","tag-parents-deleves","tag-projets","tag-taxe","tag-taxe-apprentissage","tag-taxe-dapprentissage"],"_links":{"self":[{"href":"https:\/\/vtest1.college-lapierre.fr\/index.php?rest_route=\/wp\/v2\/pages\/10392","targetHints":{"allow":["GET"]}}],"collection":[{"href":"https:\/\/vtest1.college-lapierre.fr\/index.php?rest_route=\/wp\/v2\/pages"}],"about":[{"href":"https:\/\/vtest1.college-lapierre.fr\/index.php?rest_route=\/wp\/v2\/types\/page"}],"author":[{"embeddable":true,"href":"https:\/\/vtest1.college-lapierre.fr\/index.php?rest_route=\/wp\/v2\/users\/2"}],"replies":[{"embeddable":true,"href":"https:\/\/vtest1.college-lapierre.fr\/index.php?rest_route=%2Fwp%2Fv2%2Fcomments&post=10392"}],"version-history":[{"count":3,"href":"https:\/\/vtest1.college-lapierre.fr\/index.php?rest_route=\/wp\/v2\/pages\/10392\/revisions"}],"predecessor-version":[{"id":10714,"href":"https:\/\/vtest1.college-lapierre.fr\/index.php?rest_route=\/wp\/v2\/pages\/10392\/revisions\/10714"}],"wp:featuredmedia":[{"embeddable":true,"href":"https:\/\/vtest1.college-lapierre.fr\/index.php?rest_route=\/wp\/v2\/media\/10395"}],"wp:attachment":[{"href":"https:\/\/vtest1.college-lapierre.fr\/index.php?rest_route=%2Fwp%2Fv2%2Fmedia&parent=10392"}],"wp:term":[{"taxonomy":"category","embeddable":true,"href":"https:\/\/vtest1.college-lapierre.fr\/index.php?rest_route=%2Fwp%2Fv2%2Fcategories&post=10392"},{"taxonomy":"post_tag","embeddable":true,"href":"https:\/\/vtest1.college-lapierre.fr\/index.php?rest_route=%2Fwp%2Fv2%2Ftags&post=10392"}],"curies":[{"name":"wp","href":"https:\/\/api.w.org\/{rel}","templated":true}]}}

<p class="has-text-align-center">Le collège Georges LAPIERRE est habilité à percevoir le solde de la taxe d&rsquo;apprentissage.</p>



<p class="has-text-align-center">Il est d&rsquo;ailleurs le seul collège classé en REP+ (Réseau d&rsquo;Education Prioritaire +) de l&rsquo;académie de Bordeaux à pouvoir percevoir ce solde.</p>



<div class="wp-block-group"><div class="wp-block-group__inner-container is-layout-constrained wp-block-group-is-layout-constrained">
<div class="wp-block-group"><div class="wp-block-group__inner-container is-layout-constrained wp-block-group-is-layout-constrained">
<h2 class="wp-block-heading has-text-align-center has-luminous-vivid-amber-background-color has-background has-large-font-size">Les entreprises doivent faire la démarchent de sélectionner le collège G. LAPIERRE                                         (<strong>UAI : 0331619F</strong>)                                   pour flécher tout ou partie de ce solde vers notre établissement.</h2>



<p class="has-text-align-center has-luminous-vivid-amber-background-color has-background has-large-font-size"><a href="https://www.soltea.education.gouv.fr/espace-public/" target="_blank" rel="noreferrer noopener">SOLTéA, plateforme du solde de la taxe d&rsquo;apprentissage | SOLTéA, plateforme de répartition du solde de la taxe d’apprentissage (education.gouv.fr)</a></p>
</div></div>
</div></div>



<figure class="wp-block-image size-full"><img loading="lazy" decoding="async" width="700" height="200" src="https://vtest1.college-lapierre.fr/wp-content/uploads/2024/04/soltea.jpg" alt="" class="wp-image-10395" srcset="https://vtest1.college-lapierre.fr/wp-content/uploads/2024/04/soltea.jpg 700w, https://vtest1.college-lapierre.fr/wp-content/uploads/2024/04/soltea-300x86.jpg 300w" sizes="auto, (max-width: 700px) 100vw, 700px" /></figure>



<p>Désormais les entreprises qui souhaitent aider le collège dans le développement des actions et projets liés à la formation professionnelle doivent passer par la nouvelle plateforme SOLTéA .(<a href="https://www.soltea.education.gouv.fr/espace-public/soltea-plateforme-employeurs-solde-taxe-apprentissage">https://www.soltea.education.gouv.fr/espace-public/soltea-plateforme-employeurs-solde-taxe-apprentissage</a>).</p>



<figure class="wp-block-embed is-type-video is-provider-youtube wp-block-embed-youtube wp-embed-aspect-16-9 wp-has-aspect-ratio"><div class="wp-block-embed__wrapper">
<iframe loading="lazy" title="Solde taxe d’apprentissage : le nouveau service SOLTéA pour les employeurs" width="650" height="366" src="https://www.youtube.com/embed/dM_q0J6r39U?start=11&#038;feature=oembed" frameborder="0" allow="accelerometer; autoplay; clipboard-write; encrypted-media; gyroscope; picture-in-picture; web-share" referrerpolicy="strict-origin-when-cross-origin" allowfullscreen></iframe>
</div></figure>



<p></p>



<figure class="wp-block-image size-full"><a href="https://www.soltea.education.gouv.fr/espace-public/calendrier-2024-de-la-plateforme-soltea" target="_blank" rel="noreferrer noopener"><img loading="lazy" decoding="async" width="600" height="340" src="https://vtest1.college-lapierre.fr/wp-content/uploads/2024/04/Calendrier-TA-2024.png" alt="" class="wp-image-10393" srcset="https://vtest1.college-lapierre.fr/wp-content/uploads/2024/04/Calendrier-TA-2024.png 600w, https://vtest1.college-lapierre.fr/wp-content/uploads/2024/04/Calendrier-TA-2024-300x170.png 300w" sizes="auto, (max-width: 600px) 100vw, 600px" /></a></figure>



<h3 class="wp-block-heading has-vivid-red-color has-text-color has-link-color wp-elements-de2070abcf88c37caaa2187be01ad923">Solde de la taxe d&rsquo;apprentissage : employeurs, comment désigner les établissements auxquels celui-ci doit être versé ?</h3>



<p>Suite à leur déclaration en DSN, les employeurs redevables du solde de la taxe d’apprentissage peuvent se connecter à la plateforme SOLTéA pour affecter tout ou partie du solde de leur taxe d’apprentissage à un ou plusieurs établissements habilités jusqu’en septembre. La connexion s’effectue par l’intermédiaire de Net-entreprises.</p>



<p>Le choix de répartition des employeurs sur la plateforme peut se faire à trois échelles différentes&nbsp;:</p>



<ul class="wp-block-list">
<li><strong>vers un ou plusieurs établissements </strong></li>
</ul>



<p>Pour accéder à la plateforme Soltéa&nbsp;:&nbsp;<a href="https://www.soltea.education.gouv.fr/espace-public/" target="_blank" rel="noreferrer noopener">SOLTéA, plateforme du solde de la taxe d&rsquo;apprentissage | SOLTéA, plateforme de répartition du solde de la taxe d’apprentissage (education.gouv.fr)</a></p>



<h3 class="wp-block-heading">Taxe d&rsquo;apprentissage : comment la payer ?</h3>



<p>Depuis<strong>&nbsp;janvier 2022</strong>, la collecte de la taxe d&rsquo;apprentissage et de la CSA n&rsquo;est plus gérée par les&nbsp;<strong><a href="https://travail-emploi.gouv.fr/ministere/acteurs/partenaires/opco" target="_blank" rel="noreferrer noopener">Opco</a></strong>&nbsp;(opérateurs de compétences), mais l&rsquo;<strong><a href="https://www.urssaf.fr/portail/home.html" target="_blank" rel="noreferrer noopener">Urssaf</a></strong>.</p>



<p><a href="https://www.urssaf.fr/portail/home/espaces-dedies/contributions-de-formation-profe/le-calendrier.html" target="_blank" rel="noreferrer noopener">En savoir plus sur les modalités de paiement de la taxe d&rsquo;apprentissage</a></p>

<p>Le collège Georges LAPIERRE est habilité à percevoir le solde de la taxe d&rsquo;apprentissage. Il est d&rsquo;ailleurs le seul collège classé en REP+ (Réseau d&rsquo;Education Prioritaire +) de l&rsquo;académie de Bordeaux à pouvoir percevoir ce solde. Les entreprises doivent faire la démarchent de sélectionner le collège G. LAPIERRE (UAI : 0331619F) pour flécher tout ou&#8230;</p>
<p class="more-link-wrap"><a href="https://vtest1.college-lapierre.fr/?page_id=10392" class="more-link">Read More<span class="screen-reader-text"> &ldquo;Taxe d&rsquo;apprentissage&rdquo;</span> &raquo;</a></p>
