{"id":10428,"date":"2024-05-02T18:07:34","date_gmt":"2024-05-02T16:07:34","guid":{"rendered":"https:\/\/vtest1.college-lapierre.fr\/?page_id=10428"},"modified":"2024-05-24T09:08:51","modified_gmt":"2024-05-24T07:08:51","slug":"projets-radio","status":"publish","type":"page","link":"https:\/\/vtest1.college-lapierre.fr\/?page_id=10428","title":{"rendered":"Projet \u00ab\u00a0RADIO\u00a0\u00bb"},"content":{"rendered":"\n<p><\/p>\n\n\n\n<figure class=\"wp-block-image size-full\"><img loading=\"lazy\" decoding=\"async\" width=\"2560\" height=\"1707\" src=\"https:\/\/vtest1.college-lapierre.fr\/wp-content\/uploads\/2024\/05\/radio_image-scaled.jpeg\" alt=\"\" class=\"wp-image-10432\" srcset=\"https:\/\/vtest1.college-lapierre.fr\/wp-content\/uploads\/2024\/05\/radio_image-scaled.jpeg 2560w, https:\/\/vtest1.college-lapierre.fr\/wp-content\/uploads\/2024\/05\/radio_image-300x200.jpeg 300w, https:\/\/vtest1.college-lapierre.fr\/wp-content\/uploads\/2024\/05\/radio_image-1024x683.jpeg 1024w, https:\/\/vtest1.college-lapierre.fr\/wp-content\/uploads\/2024\/05\/radio_image-768x512.jpeg 768w, https:\/\/vtest1.college-lapierre.fr\/wp-content\/uploads\/2024\/05\/radio_image-1536x1024.jpeg 1536w, https:\/\/vtest1.college-lapierre.fr\/wp-content\/uploads\/2024\/05\/radio_image-2048x1365.jpeg 2048w\" sizes=\"auto, (max-width: 2560px) 100vw, 2560px\" \/><\/figure>\n\n\n\n<p class=\"has-vivid-cyan-blue-color has-text-color has-link-color has-medium-font-size wp-elements-54e000ee9b62e6d617b2e126a593a47b\"><strong><span style=\"text-decoration: underline;\">Vous retrouverez ici les podcasts enregistr\u00e9s par les \u00e9l\u00e8ves du coll\u00e8ge LAPIERRE<\/span><\/strong><\/p>\n\n\n<div class=\"wp-block-image\">\n<figure class=\"aligncenter size-large is-resized\"><img loading=\"lazy\" decoding=\"async\" width=\"1024\" height=\"682\" src=\"https:\/\/vtest1.college-lapierre.fr\/wp-content\/uploads\/2024\/05\/radio_image3-1024x682.png\" alt=\"\" class=\"wp-image-10429\" style=\"width:178px;height:auto\" srcset=\"https:\/\/vtest1.college-lapierre.fr\/wp-content\/uploads\/2024\/05\/radio_image3-1024x682.png 1024w, https:\/\/vtest1.college-lapierre.fr\/wp-content\/uploads\/2024\/05\/radio_image3-300x200.png 300w, https:\/\/vtest1.college-lapierre.fr\/wp-content\/uploads\/2024\/05\/radio_image3-768x512.png 768w, https:\/\/vtest1.college-lapierre.fr\/wp-content\/uploads\/2024\/05\/radio_image3.png 1100w\" sizes=\"auto, (max-width: 1024px) 100vw, 1024px\" \/><\/figure>\n<\/div>\n\n<ul class=\"wp-block-latest-posts__list has-dates has-author wp-block-latest-posts\"><li><a class=\"wp-block-latest-posts__post-title\" href=\"https:\/\/vtest1.college-lapierre.fr\/?p=11840\">Radio Lapierre : Jean nous parle de la nouvelle cour !<\/a><div class=\"wp-block-latest-posts__post-author\">par JC. COURDE<\/div><time datetime=\"2026-02-24T14:13:47+02:00\" class=\"wp-block-latest-posts__post-date\">24\/02\/2026<\/time><div class=\"wp-block-latest-posts__post-excerpt\"><\/div><\/li>\n<li><div class=\"wp-block-latest-posts__featured-image\"><img loading=\"lazy\" decoding=\"async\" width=\"150\" height=\"150\" src=\"https:\/\/vtest1.college-lapierre.fr\/wp-content\/uploads\/2025\/04\/67ee4b6ac333d532096j-150x150.jpg\" class=\"attachment-thumbnail size-thumbnail wp-post-image\" alt=\"\" style=\"\" \/><\/div><a class=\"wp-block-latest-posts__post-title\" href=\"https:\/\/vtest1.college-lapierre.fr\/?p=11260\">Dans les coulisses de la chorale<\/a><div class=\"wp-block-latest-posts__post-author\">par JC. COURDE<\/div><time datetime=\"2025-04-09T15:49:49+02:00\" class=\"wp-block-latest-posts__post-date\">09\/04\/2025<\/time><div class=\"wp-block-latest-posts__post-excerpt\">Avant leur d\u00e9part au Futuroscope, les \u00e9l\u00e8ves de la chorale du coll\u00e8ge Lapierre ont fait une ultime r\u00e9p\u00e9titions, conduits par M. Ricquebourg. Anna et Esteban, de l&rsquo;atelier radio, ont pu assister \u00e0 ce travail et en ont capt\u00e9 quelques instants. Bonne \u00e9coute !<\/div><\/li>\n<\/ul>","protected":false},"excerpt":{"rendered":"<p>Vous retrouverez ici les podcasts enregistr\u00e9s par les \u00e9l\u00e8ves du coll\u00e8ge LAPIERRE<\/p>\n","protected":false},"author":2,"featured_media":10429,"parent":0,"menu_order":0,"comment_status":"closed","ping_status":"closed","template":"","meta":{"footnotes":""},"categories":[54,38],"tags":[],"class_list":["post-10428","page","type-page","status-publish","has-post-thumbnail","hentry","category-projets","category-pedagogie"],"_links":{"self":[{"href":"https:\/\/vtest1.college-lapierre.fr\/index.php?rest_route=\/wp\/v2\/pages\/10428","targetHints":{"allow":["GET"]}}],"collection":[{"href":"https:\/\/vtest1.college-lapierre.fr\/index.php?rest_route=\/wp\/v2\/pages"}],"about":[{"href":"https:\/\/vtest1.college-lapierre.fr\/index.php?rest_route=\/wp\/v2\/types\/page"}],"author":[{"embeddable":true,"href":"https:\/\/vtest1.college-lapierre.fr\/index.php?rest_route=\/wp\/v2\/users\/2"}],"replies":[{"embeddable":true,"href":"https:\/\/vtest1.college-lapierre.fr\/index.php?rest_route=%2Fwp%2Fv2%2Fcomments&post=10428"}],"version-history":[{"count":7,"href":"https:\/\/vtest1.college-lapierre.fr\/index.php?rest_route=\/wp\/v2\/pages\/10428\/revisions"}],"predecessor-version":[{"id":10476,"href":"https:\/\/vtest1.college-lapierre.fr\/index.php?rest_route=\/wp\/v2\/pages\/10428\/revisions\/10476"}],"wp:featuredmedia":[{"embeddable":true,"href":"https:\/\/vtest1.college-lapierre.fr\/index.php?rest_route=\/wp\/v2\/media\/10429"}],"wp:attachment":[{"href":"https:\/\/vtest1.college-lapierre.fr\/index.php?rest_route=%2Fwp%2Fv2%2Fmedia&parent=10428"}],"wp:term":[{"taxonomy":"category","embeddable":true,"href":"https:\/\/vtest1.college-lapierre.fr\/index.php?rest_route=%2Fwp%2Fv2%2Fcategories&post=10428"},{"taxonomy":"post_tag","embeddable":true,"href":"https:\/\/vtest1.college-lapierre.fr\/index.php?rest_route=%2Fwp%2Fv2%2Ftags&post=10428"}],"curies":[{"name":"wp","href":"https:\/\/api.w.org\/{rel}","templated":true}]}}

<p></p>



<figure class="wp-block-image size-full"><img loading="lazy" decoding="async" width="2560" height="1707" src="https://vtest1.college-lapierre.fr/wp-content/uploads/2024/05/radio_image-scaled.jpeg" alt="" class="wp-image-10432" srcset="https://vtest1.college-lapierre.fr/wp-content/uploads/2024/05/radio_image-scaled.jpeg 2560w, https://vtest1.college-lapierre.fr/wp-content/uploads/2024/05/radio_image-300x200.jpeg 300w, https://vtest1.college-lapierre.fr/wp-content/uploads/2024/05/radio_image-1024x683.jpeg 1024w, https://vtest1.college-lapierre.fr/wp-content/uploads/2024/05/radio_image-768x512.jpeg 768w, https://vtest1.college-lapierre.fr/wp-content/uploads/2024/05/radio_image-1536x1024.jpeg 1536w, https://vtest1.college-lapierre.fr/wp-content/uploads/2024/05/radio_image-2048x1365.jpeg 2048w" sizes="auto, (max-width: 2560px) 100vw, 2560px" /></figure>



<p class="has-vivid-cyan-blue-color has-text-color has-link-color has-medium-font-size wp-elements-54e000ee9b62e6d617b2e126a593a47b"><strong><span style="text-decoration: underline;">Vous retrouverez ici les podcasts enregistrés par les élèves du collège LAPIERRE</span></strong></p>


<div class="wp-block-image">
<figure class="aligncenter size-large is-resized"><img loading="lazy" decoding="async" width="1024" height="682" src="https://vtest1.college-lapierre.fr/wp-content/uploads/2024/05/radio_image3-1024x682.png" alt="" class="wp-image-10429" style="width:178px;height:auto" srcset="https://vtest1.college-lapierre.fr/wp-content/uploads/2024/05/radio_image3-1024x682.png 1024w, https://vtest1.college-lapierre.fr/wp-content/uploads/2024/05/radio_image3-300x200.png 300w, https://vtest1.college-lapierre.fr/wp-content/uploads/2024/05/radio_image3-768x512.png 768w, https://vtest1.college-lapierre.fr/wp-content/uploads/2024/05/radio_image3.png 1100w" sizes="auto, (max-width: 1024px) 100vw, 1024px" /></figure>
</div>

<ul class="wp-block-latest-posts__list has-dates has-author wp-block-latest-posts"><li><a class="wp-block-latest-posts__post-title" href="https://vtest1.college-lapierre.fr/?p=11840">Radio Lapierre : Jean nous parle de la nouvelle cour !</a><div class="wp-block-latest-posts__post-author">par JC. COURDE</div><time datetime="2026-02-24T14:13:47+02:00" class="wp-block-latest-posts__post-date">24/02/2026</time><div class="wp-block-latest-posts__post-excerpt"></div></li>
<li><div class="wp-block-latest-posts__featured-image"><img loading="lazy" decoding="async" width="150" height="150" src="https://vtest1.college-lapierre.fr/wp-content/uploads/2025/04/67ee4b6ac333d532096j-150x150.jpg" class="attachment-thumbnail size-thumbnail wp-post-image" alt="" style="" /></div><a class="wp-block-latest-posts__post-title" href="https://vtest1.college-lapierre.fr/?p=11260">Dans les coulisses de la chorale</a><div class="wp-block-latest-posts__post-author">par JC. COURDE</div><time datetime="2025-04-09T15:49:49+02:00" class="wp-block-latest-posts__post-date">09/04/2025</time><div class="wp-block-latest-posts__post-excerpt">Avant leur départ au Futuroscope, les élèves de la chorale du collège Lapierre ont fait une ultime répétitions, conduits par M. Ricquebourg. Anna et Esteban, de l&rsquo;atelier radio, ont pu assister à ce travail et en ont capté quelques instants. Bonne écoute !</div></li>
</ul>

<p>Vous retrouverez ici les podcasts enregistrés par les élèves du collège LAPIERRE</p>
