{"id":11921,"date":"2026-03-20T16:28:49","date_gmt":"2026-03-20T14:28:49","guid":{"rendered":"https:\/\/vtest1.college-lapierre.fr\/?page_id=11921"},"modified":"2026-03-20T17:21:31","modified_gmt":"2026-03-20T15:21:31","slug":"assr-attestations-scolaires-de-securite-routiere","status":"publish","type":"page","link":"https:\/\/vtest1.college-lapierre.fr\/?page_id=11921","title":{"rendered":"ASSR (Attestations Scolaires de S\u00e9curit\u00e9 Routi\u00e8re)"},"content":{"rendered":"\n<p>Pr\u00e9pare-toi \u00e0 l\u2019ASSR 1 et 2 !<\/p>\n\n\n\n<p>Les \u00e9l\u00e8ves peuvent s\u2019entra\u00eener gratuitement aux \u00e9preuves de l\u2019ASSR 1 et de l\u2019ASSR 2 gr\u00e2ce au site officiel :<br><a href=\"https:\/\/e-assr.education-securite-routiere.fr\/\" target=\"_blank\" rel=\"noreferrer noopener\">https:\/\/e-assr.education-securite-routiere.fr\/<\/a><\/p>\n\n\n\n<p>Cet outil permet de tester ses connaissances et de se familiariser avec les questions du jour de l\u2019examen. Il est conseill\u00e9 de s\u2019exercer r\u00e9guli\u00e8rement avant l\u2019\u00e9valuation organis\u00e9e au coll\u00e8ge.<\/p>\n\n\n\n<hr class=\"wp-block-separator has-alpha-channel-opacity\"\/>\n\n\n\n<figure class=\"wp-block-pullquote animated backInLeft has-white-color has-text-color has-background has-link-color has-large-font-size wp-elements-52f9636710c73a0b5b082aecf982894f\" style=\"background:linear-gradient(135deg,rgb(2,3,129) 0%,rgb(40,116,252) 27%)\"><blockquote><p>Demandes ASSR<\/p><cite>ANCIENS ELEVES<\/cite><\/blockquote><\/figure>\n\n\n\n<p>Demande d\u2019attestation ASSR pour les anciens \u00e9l\u00e8ves<\/p>\n\n\n\n<p>Avant d\u2019effectuer une demande, pensez \u00e0 v\u00e9rifier si vous ne pouvez pas retrouver ou r\u00e9cup\u00e9rer votre attestation ASSR (niveau 1 ou 2) :<\/p>\n\n\n\n<ul class=\"wp-block-list\">\n<li>dans les documents transmis durant votre scolarit\u00e9 au coll\u00e8ge ou lors de votre d\u00e9part du coll\u00e8ge,<\/li>\n\n\n\n<li>en contactant l\u2019\u00e9tablissement fr\u00e9quent\u00e9 apr\u00e8s votre d\u00e9part (les attestations ont \u00e9t\u00e9 transmises dans votre dossier scolaire),<\/li>\n\n\n\n<li>en t\u00e9l\u00e9chargeant votre attestation sur <a href=\"https:\/\/educonnect.education.gouv.fr\/\" target=\"_blank\" rel=\"noreferrer noopener\">EduConnect<\/a>.<\/li>\n<\/ul>\n\n\n\n<p>Si malgr\u00e9 ces recherches vous ne retrouvez pas votre ASSR, vous pouvez en faire la demande en remplissant le formulaire suivant :<br><a href=\"https:\/\/vtest1.college-lapierre.fr\/?page_id=11919\">Demander mon ASSR<\/a><\/p>\n\n\n\n<p><\/p>\n","protected":false},"excerpt":{"rendered":"<p>Pr\u00e9pare-toi \u00e0 l\u2019ASSR 1 et 2 ! Les \u00e9l\u00e8ves peuvent s\u2019entra\u00eener gratuitement aux \u00e9preuves de l\u2019ASSR 1 et de l\u2019ASSR 2 gr\u00e2ce au site officiel :https:\/\/e-assr.education-securite-routiere.fr\/ Cet outil permet de tester ses connaissances et de se familiariser avec les questions du jour de l\u2019examen. Il est conseill\u00e9 de s\u2019exercer r\u00e9guli\u00e8rement avant l\u2019\u00e9valuation organis\u00e9e au coll\u00e8ge&#8230;.<\/p>\n<p class=\"more-link-wrap\"><a href=\"https:\/\/vtest1.college-lapierre.fr\/?page_id=11921\" class=\"more-link\">Read More<span class=\"screen-reader-text\"> &ldquo;ASSR (Attestations Scolaires de S\u00e9curit\u00e9 Routi\u00e8re)&rdquo;<\/span> &raquo;<\/a><\/p>\n","protected":false},"author":2,"featured_media":0,"parent":0,"menu_order":0,"comment_status":"closed","ping_status":"closed","template":"","meta":{"footnotes":""},"categories":[4],"tags":[],"class_list":["post-11921","page","type-page","status-publish","hentry","category-vie-de-leleve"],"_links":{"self":[{"href":"https:\/\/vtest1.college-lapierre.fr\/index.php?rest_route=\/wp\/v2\/pages\/11921","targetHints":{"allow":["GET"]}}],"collection":[{"href":"https:\/\/vtest1.college-lapierre.fr\/index.php?rest_route=\/wp\/v2\/pages"}],"about":[{"href":"https:\/\/vtest1.college-lapierre.fr\/index.php?rest_route=\/wp\/v2\/types\/page"}],"author":[{"embeddable":true,"href":"https:\/\/vtest1.college-lapierre.fr\/index.php?rest_route=\/wp\/v2\/users\/2"}],"replies":[{"embeddable":true,"href":"https:\/\/vtest1.college-lapierre.fr\/index.php?rest_route=%2Fwp%2Fv2%2Fcomments&post=11921"}],"version-history":[{"count":3,"href":"https:\/\/vtest1.college-lapierre.fr\/index.php?rest_route=\/wp\/v2\/pages\/11921\/revisions"}],"predecessor-version":[{"id":11925,"href":"https:\/\/vtest1.college-lapierre.fr\/index.php?rest_route=\/wp\/v2\/pages\/11921\/revisions\/11925"}],"wp:attachment":[{"href":"https:\/\/vtest1.college-lapierre.fr\/index.php?rest_route=%2Fwp%2Fv2%2Fmedia&parent=11921"}],"wp:term":[{"taxonomy":"category","embeddable":true,"href":"https:\/\/vtest1.college-lapierre.fr\/index.php?rest_route=%2Fwp%2Fv2%2Fcategories&post=11921"},{"taxonomy":"post_tag","embeddable":true,"href":"https:\/\/vtest1.college-lapierre.fr\/index.php?rest_route=%2Fwp%2Fv2%2Ftags&post=11921"}],"curies":[{"name":"wp","href":"https:\/\/api.w.org\/{rel}","templated":true}]}}