{"id":36,"date":"2022-12-23T14:56:12","date_gmt":"2022-12-23T14:56:12","guid":{"rendered":"https:\/\/vtest1.college-lapierre.fr\/?page_id=36"},"modified":"2025-11-07T10:25:40","modified_gmt":"2025-11-07T08:25:40","slug":"presentation-du-college","status":"publish","type":"page","link":"https:\/\/vtest1.college-lapierre.fr\/?page_id=36","title":{"rendered":"LE COLLEGE"},"content":{"rendered":"\n<p class=\"has-vivid-cyan-blue-color has-text-color has-link-color has-large-font-size wp-elements-ceb7e672eb209e4136cc3e4da49d2eab\">Organigramme du coll\u00e8ge 2025-2026<\/p>\n\n\n\n<figure class=\"wp-block-image size-large\"><a href=\"https:\/\/vtest1.college-lapierre.fr\/wp-content\/uploads\/2025\/11\/Orga-Lapierre-25-26-scaled.jpg\"><img loading=\"lazy\" decoding=\"async\" width=\"1024\" height=\"724\" src=\"https:\/\/vtest1.college-lapierre.fr\/wp-content\/uploads\/2025\/11\/Orga-Lapierre-25-26-1024x724.jpg\" alt=\"\" class=\"wp-image-11629\" srcset=\"https:\/\/vtest1.college-lapierre.fr\/wp-content\/uploads\/2025\/11\/Orga-Lapierre-25-26-1024x724.jpg 1024w, https:\/\/vtest1.college-lapierre.fr\/wp-content\/uploads\/2025\/11\/Orga-Lapierre-25-26-300x212.jpg 300w, https:\/\/vtest1.college-lapierre.fr\/wp-content\/uploads\/2025\/11\/Orga-Lapierre-25-26-768x543.jpg 768w, https:\/\/vtest1.college-lapierre.fr\/wp-content\/uploads\/2025\/11\/Orga-Lapierre-25-26-1536x1086.jpg 1536w, https:\/\/vtest1.college-lapierre.fr\/wp-content\/uploads\/2025\/11\/Orga-Lapierre-25-26-2048x1448.jpg 2048w\" sizes=\"auto, (max-width: 1024px) 100vw, 1024px\" \/><\/a><\/figure>\n\n\n\n<p>A la rentr\u00e9e 2025, il y a 26 classes au coll\u00e8ge Georges LAPIERRE :<\/p>\n\n\n\n<ul class=\"wp-block-list\">\n<li>7 classes de 3e dont 2 classes de 3e SEGPA,<\/li>\n\n\n\n<li>6 classes de 4e dont 2 classes de 4e SEGPA,<\/li>\n\n\n\n<li>6 classes de 5e dont 1 classe de 5e SEGPA,<\/li>\n\n\n\n<li>7 classes de 6e dont 1 classe de 6e SEGPA.<\/li>\n<\/ul>\n\n\n\n<p>Le coll\u00e8ge dispose d&rsquo;une SEGPA pour accompagner les difficult\u00e9s scolaires des \u00e9l\u00e8ves et d&rsquo;un <strong>dispositif ULIS.<\/strong><\/p>\n\n\n\n<p class=\"has-vivid-cyan-blue-color has-text-color has-link-color has-large-font-size wp-elements-8c2346762f932fdc93d0d54f0a54442a\">Le projet d&rsquo;\u00e9tablissement<\/p>\n\n\n\n<div data-wp-interactive=\"core\/file\" class=\"wp-block-file\"><object data-wp-bind--hidden=\"!state.hasPdfPreview\" hidden class=\"wp-block-file__embed\" data=\"https:\/\/vtest1.college-lapierre.fr\/wp-content\/uploads\/2025\/09\/projet-etablissement-juin-25_compressed.pdf\" type=\"application\/pdf\" style=\"width:100%;height:600px\" aria-label=\"Contenu embarqu\u00e9 projet etablissement juin 25_compressed.\"><\/object><a id=\"wp-block-file--media-7b4732d0-83b3-4271-923d-9c3f39978163\" href=\"https:\/\/vtest1.college-lapierre.fr\/wp-content\/uploads\/2025\/09\/projet-etablissement-juin-25_compressed.pdf\">projet etablissement juin 25_compressed<\/a><a href=\"https:\/\/vtest1.college-lapierre.fr\/wp-content\/uploads\/2025\/09\/projet-etablissement-juin-25_compressed.pdf\" class=\"wp-block-file__button wp-element-button\" download aria-describedby=\"wp-block-file--media-7b4732d0-83b3-4271-923d-9c3f39978163\">T\u00e9l\u00e9charger<\/a><\/div>\n\n\n\n<p><strong><a href=\"https:\/\/vtest1.college-lapierre.fr\/?page_id=10392\" data-type=\"page\" data-id=\"10392\" target=\"_blank\" rel=\"noreferrer noopener\">TAXE D&rsquo;APPRENTISAGE<\/a><\/strong><\/p>\n\n\n\n<p><\/p>\n","protected":false},"excerpt":{"rendered":"<p>Organigramme du coll\u00e8ge 2025-2026 A la rentr\u00e9e 2025, il y a 26 classes au coll\u00e8ge Georges LAPIERRE : Le coll\u00e8ge dispose d&rsquo;une SEGPA pour accompagner les difficult\u00e9s scolaires des \u00e9l\u00e8ves et d&rsquo;un dispositif ULIS. Le projet d&rsquo;\u00e9tablissement TAXE D&rsquo;APPRENTISAGE<\/p>\n","protected":false},"author":2,"featured_media":11629,"parent":0,"menu_order":0,"comment_status":"closed","ping_status":"closed","template":"page-templates\/sidebar.php","meta":{"footnotes":""},"categories":[12],"tags":[],"class_list":["post-36","page","type-page","status-publish","has-post-thumbnail","hentry","category-le_college"],"_links":{"self":[{"href":"https:\/\/vtest1.college-lapierre.fr\/index.php?rest_route=\/wp\/v2\/pages\/36","targetHints":{"allow":["GET"]}}],"collection":[{"href":"https:\/\/vtest1.college-lapierre.fr\/index.php?rest_route=\/wp\/v2\/pages"}],"about":[{"href":"https:\/\/vtest1.college-lapierre.fr\/index.php?rest_route=\/wp\/v2\/types\/page"}],"author":[{"embeddable":true,"href":"https:\/\/vtest1.college-lapierre.fr\/index.php?rest_route=\/wp\/v2\/users\/2"}],"replies":[{"embeddable":true,"href":"https:\/\/vtest1.college-lapierre.fr\/index.php?rest_route=%2Fwp%2Fv2%2Fcomments&post=36"}],"version-history":[{"count":25,"href":"https:\/\/vtest1.college-lapierre.fr\/index.php?rest_route=\/wp\/v2\/pages\/36\/revisions"}],"predecessor-version":[{"id":11635,"href":"https:\/\/vtest1.college-lapierre.fr\/index.php?rest_route=\/wp\/v2\/pages\/36\/revisions\/11635"}],"wp:featuredmedia":[{"embeddable":true,"href":"https:\/\/vtest1.college-lapierre.fr\/index.php?rest_route=\/wp\/v2\/media\/11629"}],"wp:attachment":[{"href":"https:\/\/vtest1.college-lapierre.fr\/index.php?rest_route=%2Fwp%2Fv2%2Fmedia&parent=36"}],"wp:term":[{"taxonomy":"category","embeddable":true,"href":"https:\/\/vtest1.college-lapierre.fr\/index.php?rest_route=%2Fwp%2Fv2%2Fcategories&post=36"},{"taxonomy":"post_tag","embeddable":true,"href":"https:\/\/vtest1.college-lapierre.fr\/index.php?rest_route=%2Fwp%2Fv2%2Ftags&post=36"}],"curies":[{"name":"wp","href":"https:\/\/api.w.org\/{rel}","templated":true}]}}