{"id":8954,"date":"2023-07-13T08:59:41","date_gmt":"2023-07-13T08:59:41","guid":{"rendered":"https:\/\/vtest1.college-lapierre.fr\/?page_id=8954"},"modified":"2024-09-01T16:58:13","modified_gmt":"2024-09-01T14:58:13","slug":"decouverte-professionnelle","status":"publish","type":"page","link":"https:\/\/vtest1.college-lapierre.fr\/?page_id=8954","title":{"rendered":"D\u00e9couverte professionnelle"},"content":{"rendered":"<ul class=\"wp-block-latest-posts__list has-dates has-author wp-block-latest-posts\"><li><div class=\"wp-block-latest-posts__featured-image\"><img loading=\"lazy\" decoding=\"async\" width=\"150\" height=\"150\" src=\"https:\/\/vtest1.college-lapierre.fr\/wp-content\/uploads\/2025\/10\/Semaine-du-collectif-150x150.png\" class=\"attachment-thumbnail size-thumbnail wp-post-image\" alt=\"\" style=\"\" \/><\/div><a class=\"wp-block-latest-posts__post-title\" href=\"https:\/\/vtest1.college-lapierre.fr\/?p=11531\">Semaine du collectif : 06 au 10 octobre 2025<\/a><div class=\"wp-block-latest-posts__post-author\">par PJ CABANEL<\/div><time datetime=\"2025-10-02T17:06:56+02:00\" class=\"wp-block-latest-posts__post-date\">02\/10\/2025<\/time><div class=\"wp-block-latest-posts__post-full-content\"><!-- wp:image {\"id\":11532,\"sizeSlug\":\"large\",\"linkDestination\":\"none\"} -->\n<figure class=\"wp-block-image size-large\"><img loading=\"lazy\" decoding=\"async\" width=\"1024\" height=\"724\" src=\"https:\/\/vtest1.college-lapierre.fr\/wp-content\/uploads\/2025\/10\/Semaine-du-collectif-1024x724.png\" alt=\"\" class=\"wp-image-11532\" srcset=\"https:\/\/vtest1.college-lapierre.fr\/wp-content\/uploads\/2025\/10\/Semaine-du-collectif-1024x724.png 1024w, https:\/\/vtest1.college-lapierre.fr\/wp-content\/uploads\/2025\/10\/Semaine-du-collectif-300x212.png 300w, https:\/\/vtest1.college-lapierre.fr\/wp-content\/uploads\/2025\/10\/Semaine-du-collectif-768x543.png 768w, https:\/\/vtest1.college-lapierre.fr\/wp-content\/uploads\/2025\/10\/Semaine-du-collectif-1536x1086.png 1536w, https:\/\/vtest1.college-lapierre.fr\/wp-content\/uploads\/2025\/10\/Semaine-du-collectif-2048x1448.png 2048w\" sizes=\"auto, (max-width: 1024px) 100vw, 1024px\" \/><\/figure>\n<!-- \/wp:image --><\/div><\/li>\n<li><div class=\"wp-block-latest-posts__featured-image\"><img loading=\"lazy\" decoding=\"async\" width=\"150\" height=\"150\" src=\"https:\/\/vtest1.college-lapierre.fr\/wp-content\/uploads\/2024\/01\/2024-01-17-150x150.png\" class=\"attachment-thumbnail size-thumbnail wp-post-image\" alt=\"\" style=\"\" \/><\/div><a class=\"wp-block-latest-posts__post-title\" href=\"https:\/\/vtest1.college-lapierre.fr\/?p=10296\">Collecte pour les Restos du c\u0153ur<\/a><div class=\"wp-block-latest-posts__post-author\">par PJ CABANEL<\/div><time datetime=\"2024-01-17T16:33:01+02:00\" class=\"wp-block-latest-posts__post-date\">17\/01\/2024<\/time><div class=\"wp-block-latest-posts__post-full-content\"><!-- wp:image {\"id\":10297,\"sizeSlug\":\"large\",\"linkDestination\":\"none\"} -->\n<figure class=\"wp-block-image size-large\"><img loading=\"lazy\" decoding=\"async\" width=\"1024\" height=\"433\" src=\"https:\/\/vtest1.college-lapierre.fr\/wp-content\/uploads\/2024\/01\/2024-01-17-1024x433.png\" alt=\"\" class=\"wp-image-10297\" srcset=\"https:\/\/vtest1.college-lapierre.fr\/wp-content\/uploads\/2024\/01\/2024-01-17-1024x433.png 1024w, https:\/\/vtest1.college-lapierre.fr\/wp-content\/uploads\/2024\/01\/2024-01-17-300x127.png 300w, https:\/\/vtest1.college-lapierre.fr\/wp-content\/uploads\/2024\/01\/2024-01-17-768x325.png 768w, https:\/\/vtest1.college-lapierre.fr\/wp-content\/uploads\/2024\/01\/2024-01-17-1536x650.png 1536w, https:\/\/vtest1.college-lapierre.fr\/wp-content\/uploads\/2024\/01\/2024-01-17-2048x867.png 2048w\" sizes=\"auto, (max-width: 1024px) 100vw, 1024px\" \/><\/figure>\n<!-- \/wp:image --><\/div><\/li>\n<li><a class=\"wp-block-latest-posts__post-title\" href=\"https:\/\/vtest1.college-lapierre.fr\/?p=10113\">Aidez le projet S\u00e9jours \u00e0 Bruxelles : partagez le lien vers la Trousse \u00e0 projets<\/a><div class=\"wp-block-latest-posts__post-author\">par PJ CABANEL<\/div><time datetime=\"2023-11-23T21:20:46+02:00\" class=\"wp-block-latest-posts__post-date\">23\/11\/2023<\/time><div class=\"wp-block-latest-posts__post-full-content\">\/*! elementor &#8211; v3.17.0 &#8211; 08-11-2023 *\/\n.elementor-widget-image{text-align:center}.elementor-widget-image a{display:inline-block}.elementor-widget-image a img[src$=\u00a0\u00bb.svg\u00a0\u00bb]{width:48px}.elementor-widget-image img{vertical-align:middle;display:inline-block}\t\t\t\t\t\t\t\t\t\t\t\t<img loading=\"lazy\" decoding=\"async\" width=\"650\" height=\"360\" src=\"https:\/\/vtest1.college-lapierre.fr\/wp-content\/uploads\/2023\/11\/11028343.webp\" alt=\"\" \/>\t\t\t\t\t\t\t\t\t\t\t\t\t\t\t\n\t\t<!-- wp:paragraph -->\n<p>Bonjour,<\/p>\n<!-- \/wp:paragraph -->\n<!-- wp:paragraph -->\n<p>Parents, personnels, professeurs, \u00e9l\u00e8ves&#8230;<\/p>\n<!-- \/wp:paragraph -->\n<!-- wp:paragraph -->\n<p><strong>Vous pouvez nous aider<\/strong> pour financer le projet \u00ab\u00a0<strong><em>Dans la peau d&rsquo;une h\u00e9ro\u00efne\/d&rsquo;un h\u00e9ros de BD d&rsquo;Angoul\u00eame \u00e0 Bruxelles<\/em><\/strong>.\u00a0\u00bb<\/p>\n<!-- \/wp:paragraph -->\n<!-- wp:paragraph -->\n<p>Le projet a \u00e9t\u00e9 s\u00e9lectionn\u00e9 par <strong>La Trousse \u00e0 projets<\/strong> qui permet de lancer une cagnotte afin de financer des projets p\u00e9dagogiques ambitieux pour les \u00e9l\u00e8ves.<\/p>\n<!-- \/wp:paragraph -->\n<!-- wp:paragraph -->\n<p>Gr\u00e2ce au lien suivant, les entreprises et les particuliers pourront donner de l&rsquo;argent pour ce projet et ainsi diminuer la participation pour les \u00e9l\u00e8ves.<\/p>\n<!-- \/wp:paragraph -->\n<!-- wp:paragraph -->\n<p><strong>Les dons ouvrent droit \u00e0 une d\u00e9duction fiscale \u00e0 hauteur de :<\/strong><\/p>\n<!-- \/wp:paragraph -->\n<!-- wp:list -->\n<ul><!-- wp:list-item -->\n<li><strong>60% du don effectu\u00e9 pour les entreprises (un don de 100\u20ac ne co\u00fbtera que 40\u20ac),<\/strong><\/li>\n<!-- \/wp:list-item -->\n<!-- wp:list-item -->\n<li><strong>66% du don effectu\u00e9 pour les particuliers (un don de 100\u20ac ne co\u00fbtera que 36\u20ac).<\/strong><\/li>\n<!-- \/wp:list-item --><\/ul>\n<!-- \/wp:list -->\n<!-- wp:paragraph -->\n<p><a href=\"https:\/\/trousseaprojets.fr\/projet\/7477-dans-la-peau-d-une-heroine-d-un-heros-de-bd-d-angouleme-a-bruxelles\">https:\/\/trousseaprojets.fr\/projet\/7477-dans-la-peau-d-une-heroine-d-un-heros-de-bd-d-angouleme-a-bruxelles<\/a><\/p>\n<!-- \/wp:paragraph -->\n<!-- wp:paragraph -->\n<p>Nous vous remercions pour le partage le plus large possible autour de vous de ce lien (entreprises, familles, proches, etc) et sur vos r\u00e9seaux sociaux pr\u00e9f\u00e9r\u00e9s. Nous comptons sur vous pour r\u00e9ussir \u00e0 obtenir l&rsquo;objectif fix\u00e9 par l&rsquo;\u00e9quipe.<\/p>\n<!-- \/wp:paragraph -->\n<!-- wp:paragraph -->\n<p>Pour toute information compl\u00e9mentaire, vous pouvez contacter le coll\u00e8ge Georges Lapierre (poste 4) ou nous \u00e9crire \u00e0 <a href=\"mailto:s.segpa@college-lapierre.fr\">s.segpa@college-lapierre.fr<\/a><\/p>\n<!-- \/wp:paragraph -->\n<!-- wp:paragraph -->\n<p>Pierre-Jean CABANEL<\/p>\n<!-- \/wp:paragraph -->\n<!-- wp:paragraph -->\n<p>pour l&rsquo;\u00e9quipe du projet \u00ab\u00a0<strong><em>Dans la peau d&rsquo;une h\u00e9ro\u00efne\/d&rsquo;un h\u00e9ros de BD d&rsquo;Angoul\u00eame \u00e0 Bruxelles<\/em><\/strong>.\u00a0\u00bb<\/p>\n<!-- \/wp:paragraph --><\/div><\/li>\n<\/ul>","protected":false},"excerpt":{"rendered":"","protected":false},"author":2,"featured_media":0,"parent":24,"menu_order":0,"comment_status":"closed","ping_status":"closed","template":"","meta":{"footnotes":""},"categories":[42],"tags":[],"class_list":["post-8954","page","type-page","status-publish","hentry","category-decouverte-professionnelle"],"_links":{"self":[{"href":"https:\/\/vtest1.college-lapierre.fr\/index.php?rest_route=\/wp\/v2\/pages\/8954","targetHints":{"allow":["GET"]}}],"collection":[{"href":"https:\/\/vtest1.college-lapierre.fr\/index.php?rest_route=\/wp\/v2\/pages"}],"about":[{"href":"https:\/\/vtest1.college-lapierre.fr\/index.php?rest_route=\/wp\/v2\/types\/page"}],"author":[{"embeddable":true,"href":"https:\/\/vtest1.college-lapierre.fr\/index.php?rest_route=\/wp\/v2\/users\/2"}],"replies":[{"embeddable":true,"href":"https:\/\/vtest1.college-lapierre.fr\/index.php?rest_route=%2Fwp%2Fv2%2Fcomments&post=8954"}],"version-history":[{"count":4,"href":"https:\/\/vtest1.college-lapierre.fr\/index.php?rest_route=\/wp\/v2\/pages\/8954\/revisions"}],"predecessor-version":[{"id":10741,"href":"https:\/\/vtest1.college-lapierre.fr\/index.php?rest_route=\/wp\/v2\/pages\/8954\/revisions\/10741"}],"up":[{"embeddable":true,"href":"https:\/\/vtest1.college-lapierre.fr\/index.php?rest_route=\/wp\/v2\/pages\/24"}],"wp:attachment":[{"href":"https:\/\/vtest1.college-lapierre.fr\/index.php?rest_route=%2Fwp%2Fv2%2Fmedia&parent=8954"}],"wp:term":[{"taxonomy":"category","embeddable":true,"href":"https:\/\/vtest1.college-lapierre.fr\/index.php?rest_route=%2Fwp%2Fv2%2Fcategories&post=8954"},{"taxonomy":"post_tag","embeddable":true,"href":"https:\/\/vtest1.college-lapierre.fr\/index.php?rest_route=%2Fwp%2Fv2%2Ftags&post=8954"}],"curies":[{"name":"wp","href":"https:\/\/api.w.org\/{rel}","templated":true}]}}

Découverte professionnelle

<ul class="wp-block-latest-posts__list has-dates has-author wp-block-latest-posts"><li><div class="wp-block-latest-posts__featured-image"><img loading="lazy" decoding="async" width="150" height="150" src="https://vtest1.college-lapierre.fr/wp-content/uploads/2025/10/Semaine-du-collectif-150x150.png" class="attachment-thumbnail size-thumbnail wp-post-image" alt="" style="" /></div><a class="wp-block-latest-posts__post-title" href="https://vtest1.college-lapierre.fr/?p=11531">Semaine du collectif : 06 au 10 octobre 2025</a><div class="wp-block-latest-posts__post-author">par PJ CABANEL</div><time datetime="2025-10-02T17:06:56+02:00" class="wp-block-latest-posts__post-date">02/10/2025</time><div class="wp-block-latest-posts__post-full-content"><!-- wp:image {"id":11532,"sizeSlug":"large","linkDestination":"none"} -->
<figure class="wp-block-image size-large"><img loading="lazy" decoding="async" width="1024" height="724" src="https://vtest1.college-lapierre.fr/wp-content/uploads/2025/10/Semaine-du-collectif-1024x724.png" alt="" class="wp-image-11532" srcset="https://vtest1.college-lapierre.fr/wp-content/uploads/2025/10/Semaine-du-collectif-1024x724.png 1024w, https://vtest1.college-lapierre.fr/wp-content/uploads/2025/10/Semaine-du-collectif-300x212.png 300w, https://vtest1.college-lapierre.fr/wp-content/uploads/2025/10/Semaine-du-collectif-768x543.png 768w, https://vtest1.college-lapierre.fr/wp-content/uploads/2025/10/Semaine-du-collectif-1536x1086.png 1536w, https://vtest1.college-lapierre.fr/wp-content/uploads/2025/10/Semaine-du-collectif-2048x1448.png 2048w" sizes="auto, (max-width: 1024px) 100vw, 1024px" /></figure>
<!-- /wp:image --></div></li>
<li><div class="wp-block-latest-posts__featured-image"><img loading="lazy" decoding="async" width="150" height="150" src="https://vtest1.college-lapierre.fr/wp-content/uploads/2024/01/2024-01-17-150x150.png" class="attachment-thumbnail size-thumbnail wp-post-image" alt="" style="" /></div><a class="wp-block-latest-posts__post-title" href="https://vtest1.college-lapierre.fr/?p=10296">Collecte pour les Restos du cœur</a><div class="wp-block-latest-posts__post-author">par PJ CABANEL</div><time datetime="2024-01-17T16:33:01+02:00" class="wp-block-latest-posts__post-date">17/01/2024</time><div class="wp-block-latest-posts__post-full-content"><!-- wp:image {"id":10297,"sizeSlug":"large","linkDestination":"none"} -->
<figure class="wp-block-image size-large"><img loading="lazy" decoding="async" width="1024" height="433" src="https://vtest1.college-lapierre.fr/wp-content/uploads/2024/01/2024-01-17-1024x433.png" alt="" class="wp-image-10297" srcset="https://vtest1.college-lapierre.fr/wp-content/uploads/2024/01/2024-01-17-1024x433.png 1024w, https://vtest1.college-lapierre.fr/wp-content/uploads/2024/01/2024-01-17-300x127.png 300w, https://vtest1.college-lapierre.fr/wp-content/uploads/2024/01/2024-01-17-768x325.png 768w, https://vtest1.college-lapierre.fr/wp-content/uploads/2024/01/2024-01-17-1536x650.png 1536w, https://vtest1.college-lapierre.fr/wp-content/uploads/2024/01/2024-01-17-2048x867.png 2048w" sizes="auto, (max-width: 1024px) 100vw, 1024px" /></figure>
<!-- /wp:image --></div></li>
<li><a class="wp-block-latest-posts__post-title" href="https://vtest1.college-lapierre.fr/?p=10113">Aidez le projet Séjours à Bruxelles : partagez le lien vers la Trousse à projets</a><div class="wp-block-latest-posts__post-author">par PJ CABANEL</div><time datetime="2023-11-23T21:20:46+02:00" class="wp-block-latest-posts__post-date">23/11/2023</time><div class="wp-block-latest-posts__post-full-content">/*! elementor &#8211; v3.17.0 &#8211; 08-11-2023 */
.elementor-widget-image{text-align:center}.elementor-widget-image a{display:inline-block}.elementor-widget-image a img[src$= ».svg »]{width:48px}.elementor-widget-image img{vertical-align:middle;display:inline-block}												<img loading="lazy" decoding="async" width="650" height="360" src="https://vtest1.college-lapierre.fr/wp-content/uploads/2023/11/11028343.webp" alt="" />															
		<!-- wp:paragraph -->
<p>Bonjour,</p>
<!-- /wp:paragraph -->
<!-- wp:paragraph -->
<p>Parents, personnels, professeurs, élèves&#8230;</p>
<!-- /wp:paragraph -->
<!-- wp:paragraph -->
<p><strong>Vous pouvez nous aider</strong> pour financer le projet « <strong><em>Dans la peau d&rsquo;une héroïne/d&rsquo;un héros de BD d&rsquo;Angoulême à Bruxelles</em></strong>. »</p>
<!-- /wp:paragraph -->
<!-- wp:paragraph -->
<p>Le projet a été sélectionné par <strong>La Trousse à projets</strong> qui permet de lancer une cagnotte afin de financer des projets pédagogiques ambitieux pour les élèves.</p>
<!-- /wp:paragraph -->
<!-- wp:paragraph -->
<p>Grâce au lien suivant, les entreprises et les particuliers pourront donner de l&rsquo;argent pour ce projet et ainsi diminuer la participation pour les élèves.</p>
<!-- /wp:paragraph -->
<!-- wp:paragraph -->
<p><strong>Les dons ouvrent droit à une déduction fiscale à hauteur de :</strong></p>
<!-- /wp:paragraph -->
<!-- wp:list -->
<ul><!-- wp:list-item -->
<li><strong>60% du don effectué pour les entreprises (un don de 100€ ne coûtera que 40€),</strong></li>
<!-- /wp:list-item -->
<!-- wp:list-item -->
<li><strong>66% du don effectué pour les particuliers (un don de 100€ ne coûtera que 36€).</strong></li>
<!-- /wp:list-item --></ul>
<!-- /wp:list -->
<!-- wp:paragraph -->
<p><a href="https://trousseaprojets.fr/projet/7477-dans-la-peau-d-une-heroine-d-un-heros-de-bd-d-angouleme-a-bruxelles">https://trousseaprojets.fr/projet/7477-dans-la-peau-d-une-heroine-d-un-heros-de-bd-d-angouleme-a-bruxelles</a></p>
<!-- /wp:paragraph -->
<!-- wp:paragraph -->
<p>Nous vous remercions pour le partage le plus large possible autour de vous de ce lien (entreprises, familles, proches, etc) et sur vos réseaux sociaux préférés. Nous comptons sur vous pour réussir à obtenir l&rsquo;objectif fixé par l&rsquo;équipe.</p>
<!-- /wp:paragraph -->
<!-- wp:paragraph -->
<p>Pour toute information complémentaire, vous pouvez contacter le collège Georges Lapierre (poste 4) ou nous écrire à <a href="mailto:s.segpa@college-lapierre.fr">s.segpa@college-lapierre.fr</a></p>
<!-- /wp:paragraph -->
<!-- wp:paragraph -->
<p>Pierre-Jean CABANEL</p>
<!-- /wp:paragraph -->
<!-- wp:paragraph -->
<p>pour l&rsquo;équipe du projet « <strong><em>Dans la peau d&rsquo;une héroïne/d&rsquo;un héros de BD d&rsquo;Angoulême à Bruxelles</em></strong>. »</p>
<!-- /wp:paragraph --></div></li>
</ul>
