{"id":94,"date":"2022-12-23T17:36:15","date_gmt":"2022-12-23T17:36:15","guid":{"rendered":"https:\/\/vtest1.college-lapierre.fr\/?page_id=94"},"modified":"2023-07-15T12:14:22","modified_gmt":"2023-07-15T12:14:22","slug":"mentions-legales","status":"publish","type":"page","link":"https:\/\/vtest1.college-lapierre.fr\/?page_id=94","title":{"rendered":"Mentions l\u00e9gales"},"content":{"rendered":"\n<p class=\"has-vivid-cyan-blue-background-color has-background\"><strong>Identification de l\u2019\u00e9diteur<\/strong><br>Coll\u00e8ge Georges LAPIERRE<br>2, rue Pierre BROSSOLETTE<br>33305 Lormont Cedex<br>Standard : 05 57 80 10 25<\/p>\n\n\n\n<p class=\"has-vivid-cyan-blue-background-color has-background\"><strong>Directeur de la publication<\/strong><br>\u00ab Au sens de l\u2019article 93-2 de la loi n\u00b0 82-652 du 29 juillet 1982. \u00bb<br>Monsieur Thi\u00e9bault KOCH, Chef d\u2019\u00e9tablissement.<\/p>\n\n\n\n<p class=\"has-vivid-cyan-blue-background-color has-background\"><strong>Prestataire d\u2019h\u00e9bergement<\/strong><br>Nuxit \u2013 groupe Magic Online<br>97-97 bis rue du G\u00e9n\u00e9ral Mangin<br>38100 GRENOBLE<br>Courriel : support@phpnet.org<br>Tel : (+33) 04 82 53 02 10<br>Fax : (+33) 04 58 00 51 46<br><a href=\"https:\/\/www.nuxit.com\/\" target=\"_blank\" rel=\"noreferrer noopener\">https:\/\/www.nuxit.com\/<\/a><\/p>\n\n\n\n<p class=\"has-vivid-cyan-blue-background-color has-background\"><strong>Traitement des donn\u00e9es \u00e0 caract\u00e8re personnel<\/strong><br>college-lapierre.fr n\u2019a pas fait l\u2019objet d\u2019une d\u00e9claration \u00e0 la Commission Nationale de l\u2019Informatique et des Libert\u00e9s (CNIL).<\/p>\n\n\n\n<p class=\"has-vivid-cyan-blue-background-color has-background\"><strong>Cookies<\/strong><br>Conform\u00e9ment aux dispositions de la loi n\u00b0 78-17 du 6 janvier 1978 relative \u00e0 l\u2019informatique, aux fichiers et aux libert\u00e9s, vous disposez d\u2019un droit d\u2019acc\u00e8s, de modification, de rectification et de suppression des donn\u00e9es qui vous concernent. Pour demander une modification, rectification ou suppression des donn\u00e9es vous concernant, il vous suffit d\u2019envoyer un courrier par voie \u00e9lectronique ou postale \u00e0 la DILA en justifiant de votre identit\u00e9.<br>Prestataires :<br>Site d\u00e9velopp\u00e9 au sein du coll\u00e8ge et mis \u00e0 jour par nos soins<\/p>\n\n\n\n<p class=\"has-vivid-cyan-blue-background-color has-background\"><strong>Logiciel utilis\u00e9<\/strong>&nbsp;:<br>WordPress<\/p>\n\n\n\n<p class=\"has-vivid-cyan-blue-background-color has-background\"><strong>Conditions d\u2019utilisation<\/strong>\u00a0:<br>Ce site (https:\/\/college-lapierre.fr) est propos\u00e9 en diff\u00e9rents langages web (PHP, HTML5, Javascript, CSS\u2026) pour un meilleur confort d\u2019utilisation et un graphisme plus agr\u00e9able, nous vous recommandons de recourir \u00e0 des navigateurs modernes comme Edge, Safari, Firefox, Google Chrome, Op\u00e9ra, etc\u2026<\/p>\n\n\n\n<p class=\"has-vivid-cyan-blue-background-color has-background\">Le coll\u00e8ge Georges Lapierre met en \u0153uvre tous les moyens dont il dispose, pour assurer une information fiable et une mise \u00e0 jour fiable de son site internet. Toutefois, des erreurs ou omissions peuvent survenir. L\u2019internaute devra donc s\u2019assurer de l\u2019exactitude des informations, et signaler toutes modifications du site qu\u2019il jugerait utile. Le coll\u00e8ge Georges Lapierre n\u2019est en aucun cas responsable de l\u2019utilisation faite de ces informations, et de tout pr\u00e9judice direct ou indirect pouvant en d\u00e9couler.<\/p>\n\n\n\n<p class=\"has-vivid-cyan-blue-background-color has-background\"><strong>Cookies<\/strong>\u00a0:<br>Le site college-lapierre.fr est amen\u00e9 \u00e0 vous demander l\u2019acceptation des cookies pour des besoins de statistiques et d\u2019affichage. Un cookies est une information d\u00e9pos\u00e9e sur votre disque dur par le serveur du site que vous visitez. Il contient plusieurs donn\u00e9es qui sont stock\u00e9es sur votre ordinateur dans un simple fichier texte auquel un serveur acc\u00e8de pour lire et enregistrer des informations. Certaines parties de ce site ne peuvent \u00eatre fonctionnelles sans l\u2019acceptation de cookies.<\/p>\n\n\n\n<p class=\"has-vivid-cyan-blue-background-color has-background\"><strong>Liens hypertextes<\/strong>\u00a0:<br>Le site internet college-lapierre.fr peut offrir des liens vers d\u2019autres sites internet ou d\u2019autres ressources disponibles sur Internet. Le coll\u00e8ge ne dispose d\u2019aucun moyen pour contr\u00f4ler les sites en connexion avec ses pages, et ne r\u00e9pond pas de la disponibilit\u00e9 de tels sites et sources externes ni ne la garantie. Il ne peut \u00eatre tenu pour responsable de tout dommage, de quelque nature que ce soit, r\u00e9sultant du contenu de ces sites ou sources externes, et notamment des informations, produits ou services qu\u2019ils proposent, ou de tout usage qui peut \u00eatre fait de ces \u00e9l\u00e9ments. Les risques li\u00e9s \u00e0 cette utilisation incombent pleinement \u00e0 l\u2019internaute, qui doit se conformer \u00e0 leurs conditions d\u2019utilisation.<\/p>\n\n\n\n<p class=\"has-vivid-cyan-blue-background-color has-background\"><strong>Propri\u00e9t\u00e9 intellectuelle<\/strong>\u00a0:\u00a0<br>Tout site public ou priv\u00e9 est autoris\u00e9 \u00e0 \u00e9tablir, sans autorisation pr\u00e9alable, un lien vers les informations diffus\u00e9es sur college-lapierre.fr. En revanche, les pages du site ne doivent pas \u00eatre imbriqu\u00e9es \u00e0 l\u2019int\u00e9rieur des pages d\u2019un autre site.<\/p>\n\n\n\n<p class=\"has-vivid-cyan-blue-background-color has-background\"><strong>Contact<\/strong>\u00a0:<br>https:\/\/college-lapierre.fr\/nous-contacter\/<\/p>\n\n\n\n<hr class=\"wp-block-separator has-alpha-channel-opacity\"\/>\n\n\n\n<p><\/p>\n","protected":false},"excerpt":{"rendered":"<p>Identification de l\u2019\u00e9diteurColl\u00e8ge Georges LAPIERRE2, rue Pierre BROSSOLETTE33305 Lormont CedexStandard : 05 57 80 10 25 Directeur de la publication\u00ab Au sens de l\u2019article 93-2 de la loi n\u00b0 82-652 du 29 juillet 1982. \u00bbMonsieur Thi\u00e9bault KOCH, Chef d\u2019\u00e9tablissement. Prestataire d\u2019h\u00e9bergementNuxit \u2013 groupe Magic Online97-97 bis rue du G\u00e9n\u00e9ral Mangin38100 GRENOBLECourriel : support@phpnet.orgTel : (+33)&#8230;<\/p>\n<p class=\"more-link-wrap\"><a href=\"https:\/\/vtest1.college-lapierre.fr\/?page_id=94\" class=\"more-link\">Read More<span class=\"screen-reader-text\"> &ldquo;Mentions l\u00e9gales&rdquo;<\/span> &raquo;<\/a><\/p>\n","protected":false},"author":2,"featured_media":0,"parent":0,"menu_order":0,"comment_status":"closed","ping_status":"closed","template":"","meta":{"footnotes":""},"categories":[],"tags":[],"class_list":["post-94","page","type-page","status-publish","hentry"],"_links":{"self":[{"href":"https:\/\/vtest1.college-lapierre.fr\/index.php?rest_route=\/wp\/v2\/pages\/94","targetHints":{"allow":["GET"]}}],"collection":[{"href":"https:\/\/vtest1.college-lapierre.fr\/index.php?rest_route=\/wp\/v2\/pages"}],"about":[{"href":"https:\/\/vtest1.college-lapierre.fr\/index.php?rest_route=\/wp\/v2\/types\/page"}],"author":[{"embeddable":true,"href":"https:\/\/vtest1.college-lapierre.fr\/index.php?rest_route=\/wp\/v2\/users\/2"}],"replies":[{"embeddable":true,"href":"https:\/\/vtest1.college-lapierre.fr\/index.php?rest_route=%2Fwp%2Fv2%2Fcomments&post=94"}],"version-history":[{"count":4,"href":"https:\/\/vtest1.college-lapierre.fr\/index.php?rest_route=\/wp\/v2\/pages\/94\/revisions"}],"predecessor-version":[{"id":9286,"href":"https:\/\/vtest1.college-lapierre.fr\/index.php?rest_route=\/wp\/v2\/pages\/94\/revisions\/9286"}],"wp:attachment":[{"href":"https:\/\/vtest1.college-lapierre.fr\/index.php?rest_route=%2Fwp%2Fv2%2Fmedia&parent=94"}],"wp:term":[{"taxonomy":"category","embeddable":true,"href":"https:\/\/vtest1.college-lapierre.fr\/index.php?rest_route=%2Fwp%2Fv2%2Fcategories&post=94"},{"taxonomy":"post_tag","embeddable":true,"href":"https:\/\/vtest1.college-lapierre.fr\/index.php?rest_route=%2Fwp%2Fv2%2Ftags&post=94"}],"curies":[{"name":"wp","href":"https:\/\/api.w.org\/{rel}","templated":true}]}}