{"id":9980,"date":"2023-10-20T16:09:55","date_gmt":"2023-10-20T14:09:55","guid":{"rendered":"https:\/\/vtest1.college-lapierre.fr\/?page_id=9980"},"modified":"2024-09-01T17:04:51","modified_gmt":"2024-09-01T15:04:51","slug":"les-projets","status":"publish","type":"page","link":"https:\/\/vtest1.college-lapierre.fr\/?page_id=9980","title":{"rendered":"Les Projets"},"content":{"rendered":"<ul class=\"wp-block-latest-posts__list has-dates has-author wp-block-latest-posts\"><li><div class=\"wp-block-latest-posts__featured-image\"><img loading=\"lazy\" decoding=\"async\" width=\"150\" height=\"150\" src=\"https:\/\/vtest1.college-lapierre.fr\/wp-content\/uploads\/2025\/12\/enfants-sujets-politiques-5-150x150.jpg\" class=\"attachment-thumbnail size-thumbnail wp-post-image\" alt=\"\" style=\"\" \/><\/div><a class=\"wp-block-latest-posts__post-title\" href=\"https:\/\/vtest1.college-lapierre.fr\/?p=11751\">A la d\u00e9couverte des sciences humaines<\/a><div class=\"wp-block-latest-posts__post-author\">par DEMOUY NATHALIE<\/div><time datetime=\"2025-12-02T18:57:36+02:00\" class=\"wp-block-latest-posts__post-date\">02\/12\/2025<\/time><div class=\"wp-block-latest-posts__post-excerpt\">Les \u00e9l\u00e8ves du Parcours Excellence ont rencontr\u00e9 la sociologue Jessica Brandler \u00ab\u00a0Les enfants ne sont pas de \u00ab\u00a0futurs\u00a0\u00bb citoyens, mais bien des citoyens \u00e0 part enti\u00e8re. Chacun, quel que soit son \u00e2ge, participe \u00e0 la vie de la cit\u00e9\u00a0\u00bb Mardi 25 novembre, nous avons rencontr\u00e9 au CDI la sociologue Jessica Brandler, chercheuse associ\u00e9e au Centre&#8230;<p class=\"more-link-wrap\"><a href=\"https:\/\/vtest1.college-lapierre.fr\/?p=11751\" class=\"more-link\">Read More<span class=\"screen-reader-text\"> &ldquo;A la d\u00e9couverte des sciences humaines&rdquo;<\/span> &raquo;<\/a><\/p><\/div><\/li>\n<li><div class=\"wp-block-latest-posts__featured-image\"><img loading=\"lazy\" decoding=\"async\" width=\"150\" height=\"150\" src=\"https:\/\/vtest1.college-lapierre.fr\/wp-content\/uploads\/2025\/11\/1000016991-150x150.jpg\" class=\"attachment-thumbnail size-thumbnail wp-post-image\" alt=\"\" style=\"\" \/><\/div><a class=\"wp-block-latest-posts__post-title\" href=\"https:\/\/vtest1.college-lapierre.fr\/?p=11737\">Cross de Lormont pour les 5\u00e8mes<\/a><div class=\"wp-block-latest-posts__post-author\">par R. MARGAT<\/div><time datetime=\"2025-11-30T15:37:35+02:00\" class=\"wp-block-latest-posts__post-date\">30\/11\/2025<\/time><div class=\"wp-block-latest-posts__post-excerpt\">Ce vendredi 28 novembre avait lieu le traditionnel cross des 5\u00e8mes au bois fleuri. C&rsquo;est 3 modalit\u00e9s de course qui \u00e9taient propos\u00e9es cette ann\u00e9e aux \u00e9l\u00e8ves afin de permettre \u00e0 chacun de s&rsquo;\u00e9panouir dans ce moment convivial. Une forme inclusive pour les 5\u00e8mes Ursa Major et les 5\u00e8mes Vela avec l&rsquo;IME (institut m\u00e9dico-\u00e9ducatif) Chateau Terrien,&#8230;<p class=\"more-link-wrap\"><a href=\"https:\/\/vtest1.college-lapierre.fr\/?p=11737\" class=\"more-link\">Read More<span class=\"screen-reader-text\"> &ldquo;Cross de Lormont pour les 5\u00e8mes&rdquo;<\/span> &raquo;<\/a><\/p><\/div><\/li>\n<li><div class=\"wp-block-latest-posts__featured-image\"><img loading=\"lazy\" decoding=\"async\" width=\"150\" height=\"150\" src=\"https:\/\/vtest1.college-lapierre.fr\/wp-content\/uploads\/2025\/11\/1000016745-150x150.jpg\" class=\"attachment-thumbnail size-thumbnail wp-post-image\" alt=\"\" style=\"\" \/><\/div><a class=\"wp-block-latest-posts__post-title\" href=\"https:\/\/vtest1.college-lapierre.fr\/?p=11724\">Plastique \u00e0 la loupe \u00e0 la r\u00e9serve naturelle de Bruges<\/a><div class=\"wp-block-latest-posts__post-author\">par R. MARGAT<\/div><time datetime=\"2025-11-30T15:07:34+02:00\" class=\"wp-block-latest-posts__post-date\">30\/11\/2025<\/time><div class=\"wp-block-latest-posts__post-excerpt\">Dans le cadre de l&rsquo;\u00e9ducation  au d\u00e9veloppement durable, 2 classes de 4\u00e8me participent au projet \u00ab\u00a0Plastique \u00e0 la loupe\u00a0\u00bb propos\u00e9 par l&rsquo;association Tara Ocean. Ce projet vise \u00e0 pr\u00e9lever et analyser la pr\u00e9sence de plastique dans les sols afin d&rsquo;en \u00e9tudier la quantit\u00e9 et la composition. C&rsquo;est \u00e0 la r\u00e9serve naturelle de Bruges que des pr\u00e9l\u00e8vements ont donc \u00e9t\u00e9 r\u00e9alis\u00e9s par les \u00e9l\u00e8ves de 4\u00e8me Jacobs et Germain.<\/div><\/li>\n<li><div class=\"wp-block-latest-posts__featured-image\"><img loading=\"lazy\" decoding=\"async\" width=\"150\" height=\"150\" src=\"https:\/\/vtest1.college-lapierre.fr\/wp-content\/uploads\/2025\/11\/2025-11-14-2-150x150.png\" class=\"attachment-thumbnail size-thumbnail wp-post-image\" alt=\"\" style=\"\" \/><\/div><a class=\"wp-block-latest-posts__post-title\" href=\"https:\/\/vtest1.college-lapierre.fr\/?p=11652\">A l&rsquo;honneur, sur le site internet du d\u00e9partement et dans Gironde Mag<\/a><div class=\"wp-block-latest-posts__post-author\">par PJ CABANEL<\/div><time datetime=\"2025-11-14T15:39:57+02:00\" class=\"wp-block-latest-posts__post-date\">14\/11\/2025<\/time><div class=\"wp-block-latest-posts__post-excerpt\">Le projet d&rsquo;accompagnement num\u00e9rique mis en place dans notre coll\u00e8ge est \u00e0 la UNE du site internet du d\u00e9partement (https:\/\/www.gironde.fr\/). Madame DEMOUY et Monsieur SANCHEZ ont \u00e9t\u00e9 interview\u00e9s en d\u00e9but d&rsquo;ann\u00e9e pour pr\u00e9senter le travail qu&rsquo;ils proposent aux \u00e9l\u00e8ves de l&rsquo;\u00e9tablissement.<\/div><\/li>\n<li><div class=\"wp-block-latest-posts__featured-image\"><img loading=\"lazy\" decoding=\"async\" width=\"150\" height=\"150\" src=\"https:\/\/vtest1.college-lapierre.fr\/wp-content\/uploads\/2025\/11\/SWEAT-simul-bordeaux--150x150.jpg\" class=\"attachment-thumbnail size-thumbnail wp-post-image\" alt=\"\" style=\"\" \/><\/div><a class=\"wp-block-latest-posts__post-title\" href=\"https:\/\/vtest1.college-lapierre.fr\/?p=11627\">Vente de sweat \u00e0 capuche du coll\u00e8ge<\/a><div class=\"wp-block-latest-posts__post-author\">par PJ CABANEL<\/div><time datetime=\"2025-11-07T10:41:01+02:00\" class=\"wp-block-latest-posts__post-date\">07\/11\/2025<\/time><div class=\"wp-block-latest-posts__post-excerpt\">Comme vous \u00eates nombreux \u00e0 nous l&rsquo;avoir demand\u00e9, le pull du coll\u00e8ge fait son grand retour pour l&rsquo;ann\u00e9e 2025-2026 !Cette ann\u00e9e, il sera de couleur Bordeaux comme sur l&rsquo;image ci-dessous. Le prix est toujours le m\u00eame : 26 euros.Les b\u00e9n\u00e9fices de cette vente de pulls sont vers\u00e9s au FSE qui aide \u00e0 financer les divers&#8230;<p class=\"more-link-wrap\"><a href=\"https:\/\/vtest1.college-lapierre.fr\/?p=11627\" class=\"more-link\">Read More<span class=\"screen-reader-text\"> &ldquo;Vente de sweat \u00e0 capuche du coll\u00e8ge&rdquo;<\/span> &raquo;<\/a><\/p><\/div><\/li>\n<\/ul>","protected":false},"excerpt":{"rendered":"","protected":false},"author":2,"featured_media":0,"parent":0,"menu_order":0,"comment_status":"closed","ping_status":"closed","template":"page-templates\/large.php","meta":{"footnotes":""},"categories":[54],"tags":[],"class_list":["post-9980","page","type-page","status-publish","hentry","category-projets"],"_links":{"self":[{"href":"https:\/\/vtest1.college-lapierre.fr\/index.php?rest_route=\/wp\/v2\/pages\/9980","targetHints":{"allow":["GET"]}}],"collection":[{"href":"https:\/\/vtest1.college-lapierre.fr\/index.php?rest_route=\/wp\/v2\/pages"}],"about":[{"href":"https:\/\/vtest1.college-lapierre.fr\/index.php?rest_route=\/wp\/v2\/types\/page"}],"author":[{"embeddable":true,"href":"https:\/\/vtest1.college-lapierre.fr\/index.php?rest_route=\/wp\/v2\/users\/2"}],"replies":[{"embeddable":true,"href":"https:\/\/vtest1.college-lapierre.fr\/index.php?rest_route=%2Fwp%2Fv2%2Fcomments&post=9980"}],"version-history":[{"count":6,"href":"https:\/\/vtest1.college-lapierre.fr\/index.php?rest_route=\/wp\/v2\/pages\/9980\/revisions"}],"predecessor-version":[{"id":10440,"href":"https:\/\/vtest1.college-lapierre.fr\/index.php?rest_route=\/wp\/v2\/pages\/9980\/revisions\/10440"}],"wp:attachment":[{"href":"https:\/\/vtest1.college-lapierre.fr\/index.php?rest_route=%2Fwp%2Fv2%2Fmedia&parent=9980"}],"wp:term":[{"taxonomy":"category","embeddable":true,"href":"https:\/\/vtest1.college-lapierre.fr\/index.php?rest_route=%2Fwp%2Fv2%2Fcategories&post=9980"},{"taxonomy":"post_tag","embeddable":true,"href":"https:\/\/vtest1.college-lapierre.fr\/index.php?rest_route=%2Fwp%2Fv2%2Ftags&post=9980"}],"curies":[{"name":"wp","href":"https:\/\/api.w.org\/{rel}","templated":true}]}}